 number?
True
Is 556651 prime?
True
Is 28877 prime?
False
Is 1266029 a composite number?
True
Is 8051 a prime number?
False
Is 10243 a composite number?
False
Is 7897 prime?
False
Is 1101 prime?
False
Is 858791 prime?
False
Is 37291 a prime number?
False
Is 1321547 prime?
False
Is 59071 a prime number?
False
Is 98153 prime?
False
Is 1249 composite?
False
Is 20653 prime?
False
Is 973 prime?
False
Is 2581 a composite number?
True
Is 97021 composite?
False
Is 590489 a prime number?
True
Is 297631 a prime number?
False
Is 24281 prime?
True
Is 1821427 a prime number?
True
Is 941 composite?
False
Is 236261 prime?
True
Is 73079 a composite number?
False
Is 851 a composite number?
True
Is 1167259 prime?
False
Is 15013 a composite number?
False
Is 265201 composite?
True
Is 115117 a composite number?
False
Is 85619 a prime number?
True
Is 78271 a prime number?
False
Is 157621 prime?
False
Is 17077 a composite number?
False
Is 4919 prime?
True
Is 73193 prime?
False
Is 1888793 a prime number?
True
Is 17287 a composite number?
True
Is 4201 a composite number?
False
Is 44927 a prime number?
True
Is 317321 composite?
False
Is 482179 prime?
True
Is 76457 prime?
False
Is 128783 composite?
True
Is 98015 a prime number?
False
Is 2085287 a prime number?
True
Is 5503 composite?
False
Is 265751 composite?
True
Is 18994 a prime number?
False
Is 133319 a prime number?
True
Is 211 a composite number?
False
Is 545201 a prime number?
False
Is 1024561 a composite number?
True
Is 16433 a composite number?
False
Is 8458 a prime number?
False
Is 235442 prime?
False
Is 3143 prime?
False
Is 491 a prime number?
True
Is 555439 a composite number?
False
Is 16495 a composite number?
True
Is 92921 composite?
False
Is 16597 composite?
True
Is 50497 composite?
False
Is 739 composite?
False
Is 9098 composite?
True
Is 20697 composite?
True
Is 1198 prime?
False
Is 146879 composite?
True
Is 1105817 a composite number?
True
Is 78818 prime?
False
Is 497755 a composite number?
True
Is 1468195 composite?
True
Is 866279 prime?
True
Is 171026 composite?
True
Is 175247 a composite number?
True
Is 445 a composite number?
True
Is 18539 a prime number?
True
Is 21059 a prime number?
True
Is 5493 a composite number?
True
Is 9511 prime?
True
Is 57103 prime?
False
Is 5897 composite?
False
Is 10007 prime?
True
Is 1275187 composite?
True
Is 3798931 a prime number?
True
Is 105583 composite?
True
Is 2073 prime?
False
Is 40569 composite?
True
Is 44449 a prime number?
True
Is 148921 composite?
False
Is 91037 a prime number?
False
Is 1050287 composite?
True
Is 146111 composite?
True
Is 21427 a composite number?
True
Is 141851 a prime number?
True
Is 1063771 a composite number?
False
Is 30403 composite?
False
Is 69191 composite?
False
Is 19913 prime?
True
Is 198451 composite?
True
Is 333197 composite?
False
Is 150287 a prime number?
True
Is 33871 a prime number?
True
Is 5513 composite?
True
Is 40539 prime?
False
Is 1191947 prime?
True
Is 211129 composite?
False
Is 58285 prime?
False
Is 89203 a composite number?
False
Is 200063 a composite number?
False
Is 29621 a composite number?
True
Is 186917 a composite number?
False
Is 139681 a composite number?
False
Is 489653 composite?
False
Is 57151 a prime number?
False
Is 17879 a prime number?
False
Is 58711 prime?
True
Is 5147 a prime number?
True
Is 1736162 a composite number?
True
Is 17057 prime?
False
Is 217 a prime number?
False
Is 24709 a prime number?
True
Is 30729 a composite number?
True
Is 3407 a composite number?
False
Is 98639 a composite number?
False
Is 481507 a prime number?
False
Is 23857 a prime number?
True
Is 63919 composite?
True
Is 80567 prime?
True
Is 14503 prime?
True
Is 11017 composite?
True
Is 5269 prime?
False
Is 61658 a composite number?
True
Is 990347 composite?
True
Is 181457 a prime number?
True
Is 4535 a composite number?
True
Is 2933 a prime number?
False
Is 35683 composite?
True
Is 1591 composite?
True
Is 27767 a composite number?
False
Is 25667 composite?
False
Is 17231 prime?
True
Is 2119 a prime number?
False
Is 40627 a prime number?
True
Is 2461 prime?
False
Is 230981 composite?
True
Is 23327 a composite number?
False
Is 16729 prime?
True
Is 6140361 a composite number?
True
Is 422405 composite?
True
Is 1318 prime?
False
Is 7979 a prime number?
False
Is 900509 a prime number?
False
Is 12347 prime?
True
Is 16603 a prime number?
True
Is 1141 prime?
False
Is 1462189 a composite number?
False
Is 54163 a prime number?
True
Is 23341 composite?
True
Is 366811 prime?
True
Is 12237 a prime number?
False
Is 27953 a prime number?
True
Is 2265099 a composite number?
True
Is 437911 a composite number?
True
Is 171823 composite?
False
Is 1397 composite?
True
Is 34667 prime?
True
Is 10489 composite?
True
Is 24445 composite?
True
Is 21961 prime?
True
Is 371099 a prime number?
True
Is 4971 a prime number?
False
Is 36962 a prime number?
False
Is 30743 a composite number?
True
Is 53047 a prime number?
True
Is 553937 prime?
False
Is 67021 prime?
True
Is 44789 a prime number?
True
Is 175211 a prime number?
True
Is 1929353 a prime number?
False
Is 35023 a prime number?
True
Is 27947 a composite number?
False
Is 395957 prime?
False
Is 353081 a prime number?
True
Is 15017 composite?
False
Is 5981 a composite number?
False
Is 2036333 prime?
False
Is 1169 a prime number?
False
Is 9337 composite?
False
Is 34757 prime?
True
Is 470755 a prime number?
False
Is 12301 a prime number?
True
Is 11957 a prime number?
False
Is 35414 prime?
False
Is 162437 prime?
False
Is 1407655 prime?
False
Is 70787 a composite number?
True
Is 207329 a prime number?
True
Is 3545 a prime number?
False
Is 3443 prime?
False
Is 98117 composite?
True
Is 37535 composite?
True
Is 579497 a prime number?
True
Is 15917 composite?
True
Is 39977 composite?
True
Is 18989 a prime number?
False
Is 20701 prime?
False
Is 23251 a composite number?
False
Is 745 a prime number?
False
Is 557 composite?
False
Is 3845 prime?
False
Is 1131653 composite?
False
Is 39341 composite?
False
Is 6185 a composite number?
True
Is 83 a prime number?
True
Is 4474 composite?
True
Is 65761 a prime number?
True
Is 150583 a composite number?
False
Is 38659 composite?
True
Is 504269 composite?
False
Is 4039 a prime number?
False
Is 192965 a composite number?
True
Is 2923 a prime number?
False
Is 419 a prime number?
True
Is 71507 composite?
True
Is 5297 composite?
False
Is 2119 a composite number?
True
Is 58885 a composite number?
True
Is 3343 prime?
True
Is 1765 a composite number?
True
Is 659999 a composite number?
False
Is 68597 prime?
True
Is 40045 a prime number?
False
Is 21467 composite?
False
Is 395443 a prime number?
True
Is 489613 a composite number?
False
Is 17377 prime?
True
Is 364063 prime?
False
Is 989599 prime?
False
Is 75737 composite?
True
Is 164479 prime?
False
Is 102629 prime?
False
Is 110947 a composite number?
False
Is 9259 a composite number?
True
Is 51787 a composite number?
False
Is 45811 prime?
False
Is 2149 prime?
False
Is 1568867 a composite number?
False
Is 9293 a prime number?
True
Is 6521 composite?
False
Is 35431 composite?
True
Is 23717 a composite number?
True
Is 77 composite?
True
Is 98801 a composite number?
False
Is 44329 prime?
False
Is 34477 prime?
False
Is 1593649 composite?
True
Is 2203 a prime number?
True
Is 16717 a composite number?
True
Is 1329 a prime number?
False
Is 10231 prime?
False
Is 22091 prime?
True
Is 9323 a prime number?
True
Is 459403 a prime number?
False
Is 66873 prime?
False
Is 47233 prime?
False
Is 324943 a prime number?
False
Is 12151 a prime number?
False
Is 4831 a composite number?
False
Is 36111 a composite number?
True
Is 192379 composite?
True
Is 2435 a composite number?
True
Is 23915 prime?
False
Is 246769 prime?
True
Is 148501 a prime number?
True
Is 8459 composite?
True
Is 6521 a composite number?
False
Is 9311 prime?
True
Is 803 a composite number?
True
Is 8749 composite?
True
Is 8989 composite?
True
Is 1123 composite?
False
Is 48197 prime?
True
Is 283669 composite?
False
Is 1121921 a composite number?
True
Is 367427 a composite number?
False
Is 2416409 prime?
True
Is 26431 prime?
True
Is 108473 a prime number?
False
Is 105647 a composite number?
True
Is 68699 composite?
False
Is 126631 a composite number?
False
Is 2762 composite?
True
Is 19849 prime